s 5 - -153?
158
In base 4, what is 23 + -102?
-13
In base 3, what is -212 - 111?
-1100
In base 7, what is 20 - 2?
15
In base 10, what is 291 - 4?
287
In base 6, what is 4115 - -4?
4123
In base 10, what is 178 - -28?
206
In base 13, what is -12 + -84?
-96
In base 6, what is 1 - 2051?
-2050
In base 16, what is c - -6b?
77
In base 8, what is -270 - 3?
-273
In base 3, what is 1122010011 + -10?
1122010001
In base 11, what is 4 - 170?
-167
In base 14, what is 29 + -6?
23
In base 8, what is -11124 - -1?
-11123
In base 10, what is -76 - 45?
-121
In base 7, what is 1326 + 1?
1330
In base 13, what is -5 + a3?
9b
In base 3, what is 12 + -210?
-121
In base 2, what is 110111 + 11?
111010
In base 10, what is 250 - -33?
283
In base 16, what is 480 - b?
475
In base 14, what is -11 + 9d?
8c
In base 5, what is -22 - -20?
-2
In base 14, what is -1 - -1395?
1394
In base 16, what is 5 + -12?
-d
In base 4, what is 3 + 103?
112
In base 8, what is 2 - 133?
-131
In base 15, what is a + 1b9?
1c4
In base 7, what is -25 - 123?
-151
In base 6, what is 45 + 403?
452
In base 16, what is 5 + 5?
a
In base 3, what is -21 + -220?
-1011
In base 15, what is 1649 + 1?
164a
In base 9, what is -20552 - -2?
-20550
In base 13, what is 7 + 37?
41
In base 5, what is -444 + 4?
-440
In base 3, what is 1021111 + 12?
1021200
In base 8, what is 207 - 5?
202
In base 16, what is e0f + -4?
e0b
In base 16, what is -98 + 5?
-93
In base 7, what is 3 + 1103?
1106
In base 5, what is 2022 - 122?
1400
In base 8, what is -2 - -230?
226
In base 16, what is -b + -18?
-23
In base 7, what is 516 + -1?
515
In base 6, what is 2453 + -1?
2452
In base 5, what is 344 + -1?
343
In base 4, what is 10 - -300?
310
In base 5, what is -434 - 3?
-442
In base 10, what is 21 - 16?
5
In base 5, what is -33121 + 10?
-33111
In base 6, what is 5 + 314?
323
In base 3, what is -21 + -112?
-210
In base 3, what is -12 + 1020?
1001
In base 12, what is 0 - 26?
-26
In base 8, what is -33 + -35?
-70
In base 3, what is 12111111 - 2?
12111102
In base 8, what is 3022 - 7?
3013
In base 5, what is 101 + -30?
21
In base 2, what is -11 - -1011010?
1010111
In base 6, what is -20 + 133?
113
In base 5, what is -1042114 + 0?
-1042114
In base 13, what is 5 - 41?
-39
In base 4, what is -11 + -113?
-130
In base 7, what is 20 + 24?
44
In base 16, what is -2 + 7ea?
7e8
In base 16, what is 557 - -4?
55b
In base 5, what is -31 + -2?
-33
In base 5, what is 1024 + -443?
31
In base 11, what is -9 + -38?
-46
In base 7, what is -12565 - 2?
-12600
In base 13, what is -2 + -2?
-4
In base 8, what is -15 + -3054?
-3071
In base 5, what is 244 + -32?
212
In base 14, what is 16 - 13?
3
In base 4, what is -131 + 2?
-123
In base 11, what is -6 + 4?
-2
In base 7, what is 5 - -132?
140
In base 3, what is 1121 - 21?
1100
In base 3, what is 1112000 - -1?
1112001
In base 2, what is 1001001000 + -11?
1001000101
In base 3, what is 21021 - -1101?
22122
In base 8, what is -32 - 252?
-304
In base 7, what is 14415 + 0?
14415
In base 7, what is -10 - 2?
-12
In base 13, what is -6 + -b6c?
-b75
In base 7, what is 0 - -450?
450
In base 5, what is 23 + 3031?
3104
In base 11, what is 21a2 - -2?
21a4
In base 14, what is d - -87?
96
In base 11, what is 6 + 10?
16
In base 6, what is -55 - 4?
-103
In base 14, what is -3 + 486?
483
In base 12, what is 1275 + -5?
1270
In base 8, what is 3 + -7?
-4
In base 15, what is 91 - -12?
a3
In base 16, what is 2f6 + -3?
2f3
In base 5, what is 22 + -44?
-22
In base 7, what is -5 + 3?
-2
In base 11, what is 8 - -48?
55
In base 13, what is 8 + 323?
32b
In base 10, what is 589 - 0?
589
In base 9, what is 5 - 2323?
-2317
In base 13, what is 5 - -200?
205
In base 6, what is -2 + 103?
101
In base 5, what is -1320 + -3?
-1323
In base 2, what is 1 - -110110?
110111
In base 9, what is 64 + -20?
44
In base 7, what is 3 + -250?
-244
In base 13, what is -3 - 43?
-46
In base 10, what is 4 + 8?
12
In base 10, what is -3 - 66?
-69
In base 10, what is -3 - 34?
-37
In base 11, what is 17 + -42?
-26
In base 2, what is 11010 + -1100010?
-1001000
In base 10, what is 3 + 638?
641
In base 11, what is -191 + -1?
-192
In base 16, what is 29 - -5?
2e
In base 13, what is 2b - 0?
2b
In base 7, what is 15 - 43?
-25
In base 10, what is 4 - 22?
-18
In base 8, what is 305 - 0?
305
In base 10, what is -242 - 3?
-245
In base 16, what is 1f8 - 1?
1f7
In base 6, what is 25 - 312?
-243
In base 10, what is 0 + -73?
-73
In base 13, what is -5 + -3?
-8
In base 10, what is -4 + 2020?
2016
In base 12, what is -1 - 94?
-95
In base 6, what is 441 + 10?
451
In base 11, what is 0 - 13?
-13
In base 4, what is 10 + 11132?
11202
In base 2, what is -111010 - 101?
-111111
In base 16, what is -69 - -12?
-57
In base 13, what is -893 - -2?
-891
In base 14, what is -d - -6?
-7
In base 11, what is 104 + -1?
103
In base 3, what is 222112 - 1?
222111
In base 5, what is 13122 - -11?
13133
In base 6, what is -15534 + -4?
-15542
In base 7, what is 40026 + -3?
40023
In base 12, what is -4 - -149?
145
In base 13, what is 100 - -4?
104
In base 8, what is -24 + -15?
-41
In base 14, what is 1b - 11?
a
In base 5, what is 0 + 10040?
10040
In base 5, what is -2040 + 3?
-2032
In base 11, what is 30 - -2?
32
In base 7, what is 2343 - 4?
2336
In base 14, what is -22 + 110?
cc
In base 5, what is -1 + -10013?
-10014
In base 12, what is 0 - -575?
575
In base 8, what is -36 - -5?
-31
In base 10, what is 5316 - 4?
5312
In base 8, what is 3 - -3464?
3467
In base 9, what is -10 + -24?
-34
In base 9, what is 10 - -54?
64
In base 12, what is -77 + 2?
-75
In base 13, what is -1a8 - -1?
-1a7
In base 3, what is -20 + 110?
20
In base 8, what is -171 - 62?
-253
In base 6, what is 115 + -22?
53
In base 5, what is -3 - 131421?
-131424
In base 16, what is -1f5 - 4?
-1f9
In base 10, what is -3 + 60?
57
In base 5, what is 120 - 0?
120
In base 5, what is -1202 - -22?
-1130
In base 10, what is -165 - 7?
-172
In base 8, what is -10 + 1064?
1054
In base 11, what is -3 - 742?
-745
In base 9, what is -4 + 71?
66
In base 8, what is -33020 + 2?
-33016
In base 12, what is -822 + -5?
-827
In base 11, what is -15 + 227?
212
In base 12, what is 19 - -16?
33
In base 9, what is 1 + 26?
27
In base 14, what is -7c + -21?
-9d
In base 11, what is -a + 83?
74
In base 16, what is -28 - 23?
-4b
In base 9, what is 7 + -568?
-561
In base 3, what is -2 - 220010?
-220012
In base 11, what is 57 + 3?
5a
In base 7, what is 3 + 6002?
6005
In base 3, what is -2 + 1000120?
1000111
In base 13, what is -a - 8?
-15
In base 9, what is -371 + 2?
-368
In base 4, what is -30222 + -10?
-30232
In base 7, what is -3 - 1?
-4
In base 5, what is 10 + -1404?
-1344
In base 10, what is -10 + 129?
119
In base 3, what is -12 - 12002?
-12021
In base 11, what is -2 - -673?
671
In base 9, what is 0 - -2434?
2434
In base 2, what is 101 - 11111111?
-11111010
In base 13, what is -5 - -1b1?
1a9
In base 10, what is -65 - 38?
-103
In base 4, what is -3 + 20002?
13333
In base 12, what is 2 - -36?
38
In base 14, what is 18 + -9a?
-82
In base 7, what is -131 + 4?
-124
In base 8, what is -16 - -14?
-2
In base 13, what is 190 - -13?
1a3
In base 9, what is -8 + 3?
-5
In base 16, what is -9 - -51?
48
In base 14, what is -1953 + 2?
-1951
In base 15, what is -5 - -12b1?
12ab
In base 6, what is 2 + -132?
-130
In base 5, what is -2 - 20?
-22
In base 3, what is 111011 - 1020?
102221
In base 3, what is 221022 + 2?
221101
In base 6, what is -5 + 155?
150
In base 4, what is 3 + -2000?
-1331
In base 10, what is 52401 - 0?
52401
In base 7, what is 215 - 3?
212
In base 6, what is 4 + -2003?
-1555
In base 8, what is -26764 - -5?
-26757
In base 8, what is 1162 + 5?
1167
In base 3, what is 2221 - -1222?
11220
In base 8, what is -2 + -4531?
-4533
In base 16, what is -2930 + -3?
-2933
In base 16, what is -81d + 4?
-819
In base 12, what is -2 + -26b?
-271
In base 11, what is 0 - 238?
-238
In base 10, what is -973 + -2?
-975
In base 12, what is 6560 + 2?
6562
In base 9, what is 2 + -3?
-1
In base 11, what is 2827 - 4?
2823
In base 12, what is -6 + 1b?
15
In base 13, what is b63 + -b?
b55
In base 5, what is 3302 + 12?
3314
In base 8, what is 12 + -22?
-10
In base 2, what is -1010 - -1001111?
1000101
In base 10, what is -2 - 4?
-6
In base 15, what is -13 + 18?
5
In base 12, what is 5 + -a3?
-9a
In base 8, what is 